{"id":26,"date":"2018-08-27T22:00:36","date_gmt":"2018-08-27T20:00:36","guid":{"rendered":"https:\/\/www.friesische-welten.de\/?page_id=26"},"modified":"2025-12-31T13:04:07","modified_gmt":"2025-12-31T12:04:07","slug":"veroeffentlichungen","status":"publish","type":"page","link":"https:\/\/friesische-welten.de\/?page_id=26","title":{"rendered":"Ver\u00f6ffentlichungen"},"content":{"rendered":"<p><strong>Liste meiner Ver\u00f6ffentlichungen:<\/strong><\/p>\n<ul>\n<li>Darstellung und Kritik des Menschenbildes bei Erich Fromm (Examensarbeit, im Fromm Archiv abrufbar: https:\/\/opus4.kobv.de\/opus4-Fromm\/frontdoor\/index\/index\/start\/0\/rows\/10\/sortfield\/score\/sortorder\/desc\/searchtype\/simple\/query\/Darstellung+und+Kritik+des+Menschenbildes+bei+Erich+Fromm\/docId\/15806<\/li>\n<li>Bestimmung und Abgrenzung von Ethik und Religion. Ein Beitrag zur Diskussion \u00fcber das christliche Proprium in der Ethik unter besonderer Ber\u00fccksichtigung der Philosophie Kants, Pfaffenweiler 1990 (meine Dissertation)<\/li>\n<li>Vom religi\u00f6sen Wahn des Fundamentalismus, in: Freies Christentum 6\/1991 (<a href=\"https:\/\/www.friesische-welten.de\/wp-content\/uploads\/religi-wahn-fundamentalism.pdf\" target=\"_blank\" rel=\"noopener noreferrer\">PDF-Date<\/a>i)<\/li>\n<li>Rockmusik und Religion, in: Freies Christentum 3\/1992 (<a href=\"https:\/\/www.friesische-welten.de\/wp-content\/uploads\/rockmusik-u-religion.pdf\" target=\"_blank\" rel=\"noopener noreferrer\">PDF-Datei<\/a>)<\/li>\n<li>Teuflische Botschaften in der Rockmusik? in: Religion heute 12\/1992 (<a href=\"https:\/\/www.friesische-welten.de\/wp-content\/uploads\/teufl-botsch-rockmusik.pdf\" target=\"_blank\" rel=\"noopener noreferrer\">PDF-Datei<\/a>)<\/li>\n<li>Das Christentum der inneren Erfahrung, in: Freies Christentum 6\/1994 (<a href=\"https:\/\/www.friesische-welten.de\/wp-content\/uploads\/christentum-innere-erfahrung.pdf\" target=\"_blank\" rel=\"noopener noreferrer\">PDF-Datei<\/a>)<\/li>\n<li>Am Anfang steht die Wahrnehmung. Ein Weg zu bewusstem Leben, in: Freies Christentum 5\/1998 (<a href=\"https:\/\/www.friesische-welten.de\/wp-content\/uploads\/anfang-wahrnehmung.pdf\" target=\"_blank\" rel=\"noopener noreferrer\">PDF-Datei<\/a>)<\/li>\n<li>Religi\u00f6se Aspekte in jugendkulturellen Szenen am Beispiel der Gothics, in: Forum Freies Christentum Heft 48\/2008 (<a href=\"https:\/\/www.friesische-welten.de\/wp-content\/uploads\/religi-aspekte-gothics.pdf\" target=\"_blank\" rel=\"noopener noreferrer\">PDF-Datei<\/a>)<\/li>\n<li>Weihnachten &#8211; historisch und existenziell gedeutet, in: Freies Christentum 6\/2015 (Link auf <a href=\"https:\/\/www.bund-freies-christentum.de\" target=\"_blank\" rel=\"noopener noreferrer\">https:\/\/www.bund-freies-christentum.de<\/a>)<\/li>\n<li>Kein Bock auf Religion, in: Die Warte des Tempels 3\/2017 (Link auf <a href=\"https:\/\/www.tempelgesellschaft.de\" target=\"_blank\" rel=\"noopener noreferrer\">https:\/\/www.tempelgesellschaft.de<\/a>)<\/li>\n<li>\u00dcber Alternativen zum konfessionellen Religionsunterricht, in: Freies Christentum 4\/2020<\/li>\n<\/ul>\n","protected":false},"excerpt":{"rendered":"<p>Liste meiner Ver\u00f6ffentlichungen: Darstellung und Kritik des Menschenbildes bei Erich Fromm (Examensarbeit, im Fromm Archiv abrufbar: https:\/\/opus4.kobv.de\/opus4-Fromm\/frontdoor\/index\/index\/start\/0\/rows\/10\/sortfield\/score\/sortorder\/desc\/searchtype\/simple\/query\/Darstellung+und+Kritik+des+Menschenbildes+bei+Erich+Fromm\/docId\/15806 Bestimmung und Abgrenzung von Ethik und Religion. Ein Beitrag zur Diskussion \u00fcber das christliche Proprium in der Ethik unter besonderer Ber\u00fccksichtigung der Philosophie Kants, Pfaffenweiler 1990 (meine Dissertation) Vom religi\u00f6sen Wahn des Fundamentalismus, in: Freies Christentum 6\/1991 (PDF-Datei) &hellip; <a href=\"https:\/\/friesische-welten.de\/?page_id=26\" class=\"more-link\"><span class=\"screen-reader-text\">Ver\u00f6ffentlichungen<\/span> weiterlesen<\/a><\/p>\n","protected":false},"author":1,"featured_media":0,"parent":0,"menu_order":0,"comment_status":"closed","ping_status":"closed","template":"","meta":{"footnotes":""},"class_list":["post-26","page","type-page","status-publish","hentry"],"_links":{"self":[{"href":"https:\/\/friesische-welten.de\/index.php?rest_route=\/wp\/v2\/pages\/26","targetHints":{"allow":["GET"]}}],"collection":[{"href":"https:\/\/friesische-welten.de\/index.php?rest_route=\/wp\/v2\/pages"}],"about":[{"href":"https:\/\/friesische-welten.de\/index.php?rest_route=\/wp\/v2\/types\/page"}],"author":[{"embeddable":true,"href":"https:\/\/friesische-welten.de\/index.php?rest_route=\/wp\/v2\/users\/1"}],"replies":[{"embeddable":true,"href":"https:\/\/friesische-welten.de\/index.php?rest_route=%2Fwp%2Fv2%2Fcomments&post=26"}],"version-history":[{"count":8,"href":"https:\/\/friesische-welten.de\/index.php?rest_route=\/wp\/v2\/pages\/26\/revisions"}],"predecessor-version":[{"id":698,"href":"https:\/\/friesische-welten.de\/index.php?rest_route=\/wp\/v2\/pages\/26\/revisions\/698"}],"wp:attachment":[{"href":"https:\/\/friesische-welten.de\/index.php?rest_route=%2Fwp%2Fv2%2Fmedia&parent=26"}],"curies":[{"name":"wp","href":"https:\/\/api.w.org\/{rel}","templated":true}]}}

Veröffentlichungen

<p><strong>Liste meiner Veröffentlichungen:</strong></p>
<ul>
<li>Darstellung und Kritik des Menschenbildes bei Erich Fromm (Examensarbeit, im Fromm Archiv abrufbar: https://opus4.kobv.de/opus4-Fromm/frontdoor/index/index/start/0/rows/10/sortfield/score/sortorder/desc/searchtype/simple/query/Darstellung+und+Kritik+des+Menschenbildes+bei+Erich+Fromm/docId/15806</li>
<li>Bestimmung und Abgrenzung von Ethik und Religion. Ein Beitrag zur Diskussion über das christliche Proprium in der Ethik unter besonderer Berücksichtigung der Philosophie Kants, Pfaffenweiler 1990 (meine Dissertation)</li>
<li>Vom religiösen Wahn des Fundamentalismus, in: Freies Christentum 6/1991 (<a href="https://www.friesische-welten.de/wp-content/uploads/religi-wahn-fundamentalism.pdf" target="_blank" rel="noopener noreferrer">PDF-Date</a>i)</li>
<li>Rockmusik und Religion, in: Freies Christentum 3/1992 (<a href="https://www.friesische-welten.de/wp-content/uploads/rockmusik-u-religion.pdf" target="_blank" rel="noopener noreferrer">PDF-Datei</a>)</li>
<li>Teuflische Botschaften in der Rockmusik? in: Religion heute 12/1992 (<a href="https://www.friesische-welten.de/wp-content/uploads/teufl-botsch-rockmusik.pdf" target="_blank" rel="noopener noreferrer">PDF-Datei</a>)</li>
<li>Das Christentum der inneren Erfahrung, in: Freies Christentum 6/1994 (<a href="https://www.friesische-welten.de/wp-content/uploads/christentum-innere-erfahrung.pdf" target="_blank" rel="noopener noreferrer">PDF-Datei</a>)</li>
<li>Am Anfang steht die Wahrnehmung. Ein Weg zu bewusstem Leben, in: Freies Christentum 5/1998 (<a href="https://www.friesische-welten.de/wp-content/uploads/anfang-wahrnehmung.pdf" target="_blank" rel="noopener noreferrer">PDF-Datei</a>)</li>
<li>Religiöse Aspekte in jugendkulturellen Szenen am Beispiel der Gothics, in: Forum Freies Christentum Heft 48/2008 (<a href="https://www.friesische-welten.de/wp-content/uploads/religi-aspekte-gothics.pdf" target="_blank" rel="noopener noreferrer">PDF-Datei</a>)</li>
<li>Weihnachten &#8211; historisch und existenziell gedeutet, in: Freies Christentum 6/2015 (Link auf <a href="https://www.bund-freies-christentum.de" target="_blank" rel="noopener noreferrer">https://www.bund-freies-christentum.de</a>)</li>
<li>Kein Bock auf Religion, in: Die Warte des Tempels 3/2017 (Link auf <a href="https://www.tempelgesellschaft.de" target="_blank" rel="noopener noreferrer">https://www.tempelgesellschaft.de</a>)</li>
<li>Über Alternativen zum konfessionellen Religionsunterricht, in: Freies Christentum 4/2020</li>
</ul>

<p>Liste meiner Veröffentlichungen: Darstellung und Kritik des Menschenbildes bei Erich Fromm (Examensarbeit, im Fromm Archiv abrufbar: https://opus4.kobv.de/opus4-Fromm/frontdoor/index/index/start/0/rows/10/sortfield/score/sortorder/desc/searchtype/simple/query/Darstellung+und+Kritik+des+Menschenbildes+bei+Erich+Fromm/docId/15806 Bestimmung und Abgrenzung von Ethik und Religion. Ein Beitrag zur Diskussion über das christliche Proprium in der Ethik unter besonderer Berücksichtigung der Philosophie Kants, Pfaffenweiler 1990 (meine Dissertation) Vom religiösen Wahn des Fundamentalismus, in: Freies Christentum 6/1991 (PDF-Datei) &hellip; <a href="https://friesische-welten.de/?page_id=26" class="more-link"><span class="screen-reader-text">Veröffentlichungen</span> weiterlesen</a></p>
