{"id":21,"date":"2018-08-27T22:00:36","date_gmt":"2018-08-27T20:00:36","guid":{"rendered":"https:\/\/www.friesische-welten.de\/?page_id=21"},"modified":"2025-12-31T12:40:17","modified_gmt":"2025-12-31T11:40:17","slug":"bibliographisches","status":"publish","type":"page","link":"https:\/\/friesische-welten.de\/?page_id=21","title":{"rendered":"Biographisches"},"content":{"rendered":"<p>Zu meiner Person:<\/p>\n<p>Geboren wurde ich am 7. Juni 1955 in Heidm\u00fchle &#8211; heute Ortsteil von Schortens &#8211;  im Landkreis Friesland. Von 1971 bis 1975 war ich als Finanzbeamter t\u00e4tig. Auf eigenen Wunsch hin schied ich beim Finanzamt wieder aus, um meine Tr\u00e4ume zu verwirklichen. 1979 begann ich mein Lehramtsstudium an der Universit\u00e4t Oldenburg. In meiner Examensarbeit setzte ich mich mit dem Sozialphilosophen Erich Fromm auseinander. 1990 promovierte ich mit einer Arbeit \u00fcber philosophische und christliche Ethik.  Anschlie\u00dfend war ich als Lehrer t\u00e4tig. In den 90\u2018er Jahren besch\u00e4ftigte ich mich intensiver mit der Transaktionsanalyse und der Logotherapie. Davon profitierten meine Kurse an der Volkshochschule, die ich seit 1986 mit viel Freude leitete. Seit meiner Pensionierung im Jahre 2017 widme ich mich verst\u00e4rkt den zwei (Lebens-)Welten, in denen ich mich heimisch f\u00fchle:  der Welt der Religion und Philosophie und der Welt der Rockmusik.<br \/>\nSeit dem 16. Lebensjahr besch\u00e4ftige ich mich mit Rockmusik in allen Varianten. Im Dezember 1972 wurde in Schortens eine progressive Discothek er\u00f6ffnet: der \u201eOldtimer\u201c, der erste pr\u00e4gende Eindr\u00fccke hinterlie\u00df. In den 70\u2019er Jahren habe ich zahlreiche Musiktitel, die z.B. beim \u201eTreffpunkt f\u00fcr junge Leute\u201c (NDR 2) gespielt wurden, auf Tonband mitgeschnitten. 2012 wirkte ich zum ersten Mal als Gast an der Gestaltung einer Radiosendung mit progressiver Rockmusik (\u201eDie Liste\u201c) bei Radio Ostfriesland mit. Das bereitete mir so viel Freude, dass ich seit 2018 f\u00fcr eine eigene Sendereihe beim Radiosender Oldenburg eins verantwortlich bin (\u201eWhen I was young\u201c).<\/p>\n","protected":false},"excerpt":{"rendered":"<p>Zu meiner Person: Geboren wurde ich am 7. Juni 1955 in Heidm\u00fchle &#8211; heute Ortsteil von Schortens &#8211; im Landkreis Friesland. Von 1971 bis 1975 war ich als Finanzbeamter t\u00e4tig. Auf eigenen Wunsch hin schied ich beim Finanzamt wieder aus, um meine Tr\u00e4ume zu verwirklichen. 1979 begann ich mein Lehramtsstudium an der Universit\u00e4t Oldenburg. In &hellip; <a href=\"https:\/\/friesische-welten.de\/?page_id=21\" class=\"more-link\"><span class=\"screen-reader-text\">Biographisches<\/span> weiterlesen<\/a><\/p>\n","protected":false},"author":1,"featured_media":0,"parent":0,"menu_order":0,"comment_status":"closed","ping_status":"closed","template":"","meta":{"footnotes":""},"class_list":["post-21","page","type-page","status-publish","hentry"],"_links":{"self":[{"href":"https:\/\/friesische-welten.de\/index.php?rest_route=\/wp\/v2\/pages\/21","targetHints":{"allow":["GET"]}}],"collection":[{"href":"https:\/\/friesische-welten.de\/index.php?rest_route=\/wp\/v2\/pages"}],"about":[{"href":"https:\/\/friesische-welten.de\/index.php?rest_route=\/wp\/v2\/types\/page"}],"author":[{"embeddable":true,"href":"https:\/\/friesische-welten.de\/index.php?rest_route=\/wp\/v2\/users\/1"}],"replies":[{"embeddable":true,"href":"https:\/\/friesische-welten.de\/index.php?rest_route=%2Fwp%2Fv2%2Fcomments&post=21"}],"version-history":[{"count":6,"href":"https:\/\/friesische-welten.de\/index.php?rest_route=\/wp\/v2\/pages\/21\/revisions"}],"predecessor-version":[{"id":696,"href":"https:\/\/friesische-welten.de\/index.php?rest_route=\/wp\/v2\/pages\/21\/revisions\/696"}],"wp:attachment":[{"href":"https:\/\/friesische-welten.de\/index.php?rest_route=%2Fwp%2Fv2%2Fmedia&parent=21"}],"curies":[{"name":"wp","href":"https:\/\/api.w.org\/{rel}","templated":true}]}}